*u - 29. Is a(3) a composite number?
False
Let a = -51 + 30. Let x(u) = -62*u + 11. Let p be x(a). Suppose k - p = 48. Is k a prime number?
True
Let b = -8 + 8. Suppose b*l - 3*l + 5*p + 10314 = 0, -3*p = -3*l + 10320. Suppose -645 = -8*i + l. Is i composite?
True
Let q(u) be the third derivative of -u**6/120 - 2*u**5/15 - 3*u**4/8 - u**3/2 + 50*u**2 + 1. Let f = -3 - 4. Is q(f) composite?
False
Let q(a) be the second derivative of 14*a + 4*a**2 + 0 + 2/3*a**4 - 13/6*a**3. Is q(13) a composite number?
True
Suppose -6 = -2*k + 4. Let h = k + -1. Suppose -4*t + 1034 = 3*p, -h*p + 220 = t - 45. Is t prime?
True
Suppose 2561 = -9*m + 17438. Suppose -14588 - m = -5*g + 4*l, -3*l = 3*g - 9723. Suppose 0 = 4*t - 13369 + g. Is t prime?
True
Is 5/((-100)/32) + -621*2395/(-75) composite?
True
Suppose -12*u = -41*u + 1432339. Is u composite?
False
Let p(y) = -198*y**3 - 4*y**2 + 14*y - 7. Let g be p(3). Let r = -1958 - g. Is r prime?
True
Let u = 1734959 + -178596. Is u prime?
True
Let h(o) = 2*o**3 - o**2 - 8*o - 4. Let y(a) = 2*a**3 - a**2 - 7*a - 5. Let d(k) = 6*h(k) - 7*y(k). Is d(-9) a composite number?
True
Suppose w + j - 242084 = 0, 12*w + 9*j - 2904984 = 5*j. Is w a prime number?
False
Suppose -4*z - 81637 = 5*r, 3*z = -2*z + r - 102039. Let d = 28987 + z. Is d a composite number?
True
Let x = 27198 - -24312. Suppose -5*b - 2*w = -51495, -x = -4*b - b + w. Is b composite?
False
Suppose -8*q + 163 = -237. Suppose -53*z = -q*z - 24117. Is z a prime number?
True
Suppose 2*c - 32765 - 12359 = 0. Let p = c - 14929. Is p prime?
False
Suppose 4*s - 38 = -5*x, 3*s = 4*x - 21 + 3. Let c(k) = k + 8. Let f be c(x). Is (f/(-14))/((-1086)/(-1087) - 1) a prime number?
True
Let c(o) = 27*o**2 - 5*o + 7. Let h be 1/5*-2*(-30)/4. Let a be c(h). Is (a/(-10))/((-1)/86) a composite number?
True
Let f(d) = -67934*d**3 - d**2 + d + 2. Is f(-1) composite?
True
Let q = 1404 - 192. Let n = q - 655. Is n prime?
True
Suppose -31*v = -35*v - 3*x + 28462, 2*v = 2*x + 14238. Is v a composite number?
True
Let z(h) = 583*h + 63. Let l be z(13). Suppose -4*i = 2*p - 7630, 4*i - 2*p = -0*i + l. Is i prime?
False
Suppose -2 = x - 26. Suppose -2*t = 0, 0*o - x = -2*o - 5*t. Is (2824/o)/((-3)/((-18)/4)) prime?
True
Suppose -7*r - 1266 = -218*r. Let d(b) = -5*b**3 - 5*b**2 + 2*b - 1. Let q be d(-4). Suppose -r*x + q = -1107. Is x prime?
True
Let b(f) = -7*f**3 + 2*f**2. Let n be b(-1). Suppose n*o = -8*o + 38471. Is o prime?
False
Let t(n) be the second derivative of 47*n**3/2 - 49*n**2/2 - 13*n. Let i be t(12). Suppose -c = -2*j - i, 4630 = 4*c + 5*j - 1877. Is c a prime number?
False
Suppose 2*y - a = -2, -18*y - 2*a = -15*y - 4. Suppose y = 13*i - 10*i + 5*v - 107609, 4*i - 143490 = -v. Is i composite?
True
Is -10*2/8 - ((-164964)/8 - 3) a composite number?
True
Suppose -2*j = o - 101148, -3*j - 2*j = -5*o - 252855. Suppose -j = -3*h - 2552. Is h a composite number?
False
Suppose -5*f = b - 70576, -5*b + 6*b - 70527 = 2*f. Is b a prime number?
False
Suppose -14*j + 12 = -100. Suppose 0 = -j*u + 2036 + 1172. Is u composite?
False
Let j = -142583 + 418464. Is j composite?
False
Let u be (16909 - 14) + 4*-1. Suppose -u = -5*a - 456. Is a composite?
True
Suppose 4*a - 3*i + 53 = 5*a, 4*a - 178 = 5*i. Let s = -46 + a. Is (1 + s)*18825/30 a composite number?
True
Let j = 601147 - 300780. Is j prime?
True
Suppose -4*r - 4*f + 3 - 51 = 0, -4*r + 2*f = 72. Is (-12)/r + (-3219)/(-12) a composite number?
False
Let k(z) = 0 + 2 + 28*z**2 - 1. Let t = -5 + 8. Is k(t) a prime number?
False
Suppose -27*o = -43*o. Suppose 12*m + 3485 = 17*m - 4*f, -2*m + 4*f + 1382 = o. Is m a composite number?
False
Let s = -1023 - -1920. Let c = s - 1654. Let t = c - -1466. Is t composite?
False
Suppose -30*m + 26*m + 2*i = -971428, 2*i - 971444 = -4*m. Is m a prime number?
False
Suppose 0 = -2*p - 2, -5*m - 2*p = 2903 - 40556. Is m a prime number?
False
Let r = -189 + 688. Suppose r = -5*f - 4*i + 20, 0 = -2*i - 2. Is 146/((50/f)/(-5)) a prime number?
False
Let s be 0/((25/5)/5). Suppose 0 = -3*m - 4*y + 9 + 3, 4*m - 3*y + 9 = s. Suppose m = -f - 283 + 1622. Is f a prime number?
False
Let c(k) = k**2 - 9*k + 4. Let i be c(9). Let s be (i/((-12)/887) - 1)*-3. Is ((-12)/10)/((-2674)/s + 3) a composite number?
True
Suppose 5*o - 43 = -2*i, 3*i + 4*o + 16 = 5*i. Let b(j) = 3*j**3 + 23*j**2 - 17*j - 23. Is b(i) a prime number?
True
Suppose -3*k - 2*f = -31, -8*k = -6*k - 2*f - 4. Suppose k*r + 1402 - 12147 = 0. Is r a prime number?
False
Let f = 32 + -29. Suppose f*z - 9*z + 17634 = 0. Is z a composite number?
False
Let i = 69146 - -8860. Suppose 5*b - i = -b. Is b composite?
False
Let w(s) = 3*s - 14. Let n be w(-7). Let f be (n/15 - -5)*3/2. Suppose -268 = f*x - 1784. Is x composite?
False
Suppose -4*k + 5*b + 6 = -3, 3 = -2*k + b. Is (7207/k)/((-27)/108) a prime number?
True
Suppose -5*d + 3*u = -84406, 24*u - 16874 = -d + 27*u. Is d composite?
False
Suppose 4*t = 3*i - 1157, t - 3*i + 245 = -33. Suppose -2210 = 4*g + g. Let z = t - g. Is z prime?
True
Let a be 4/18 - 2235/(-27). Let j = 74 - 28. Let d = a - j. Is d prime?
True
Suppose -5*p = l + 95, l + 4*l + 391 = 3*p. Let h = 1035 + l. Is h a composite number?
True
Let m = -23101 - -48015. Is m a composite number?
True
Let m(y) = y + 1. Let b(c) = -39*c - 6. Let s(t) = -3*b(t) + 3*m(t). Is s(12) a prime number?
False
Let f be (-3 - (-90)/25) + 25004/10. Suppose -15*v + f = 491. Is v composite?
True
Let t(k) = -5*k - 42*k**3 - 1 - 67*k**3 - 4*k**2 + 2*k**2. Suppose -2*f = 0, 0*i = -i + 4*f - 3. Is t(i) prime?
True
Suppose 5*b = 38*b - 237284 - 788719. Is b a prime number?
True
Let r be (13 + -9)/(6/(-15)). Is (25 + -568)/(6/r) prime?
False
Let y(w) = w**3 + 9*w**2 + 16*w - 4. Let g = -51 + 39. Let a be y(g). Let q = a - -1469. Is q composite?
True
Suppose 4*y + 28 = -4*p, 4*p = -6*y + 4*y - 24. Let m(u) = -6*u**3 + 2*u**2 + 5*u - 36. Is m(p) composite?
False
Is 6808902/26 + (-90)/(-585) a prime number?
True
Is (14160/(-320))/(6/(-2824)) composite?
True
Suppose 0 = -3*x + 8*x + 120. Let q = 29 + x. Suppose k - 4*v = 6*k - 4455, 5*k - 4410 = q*v. Is k composite?
False
Let w(p) = -p**3 - 90*p**2 - 254*p - 67. Is w(-94) a composite number?
True
Let t = 99600 - 70606. Suppose -60*n + t = -1666. Is n a prime number?
False
Let c(x) be the second derivative of 0 + 7/6*x**3 - 17*x + 43/6*x**4 + 13/2*x**2. Is c(-4) a prime number?
True
Suppose o - 1684881 = -5*n, 112*o = -4*n + 113*o + 1347912. Is n composite?
False
Suppose -5*m = 5*p, 0*p = 4*p - 2*m - 12. Is 2 - 2 - ((-4)/p + -1749) a prime number?
False
Let m be -4 + -3 + 2 - -3. Is ((-45)/18 - m)*-24902 prime?
True
Suppose 0 = -101*j - 73*j + 120*j + 27874746. Is j prime?
True
Let f be 15410/9 - (-48)/(-216) - -3. Suppose -5*d + 5*p + f = 0, -3*d = 2*p - 713 - 296. Is d prime?
False
Let w(l) = -4*l**3 - l - 12. Let q be w(-2). Is (4 - -2)*11/(q/5477) a prime number?
False
Let z(g) = -27*g**2 - 8. Let i(c) = -27*c**2 - 8. Let x(m) = 4*i(m) - 5*z(m). Let u be x(2). Let f = u - -1175. Is f prime?
True
Suppose -186*a = -100*a - 98*a + 841980. Is a composite?
True
Suppose 2*a = 3*z - 60183, 2*a + 1 - 7 = 0. Is z a prime number?
True
Let f be (-18)/(-30) - (-236)/(-10). Let a = 25 + f. Suppose -a*b + 1387 = -5*x, -3425 = -5*b + 2*x + 2*x. Is b a composite number?
True
Let w = -305 - -374. Suppose 0 = w*f - 72*f + 13911. Is f a prime number?
True
Suppose 7*d = -d + 32. Let r be (-1)/(-4)*d*3. Suppose 0 = -5*g - r*g + 6920. Is g prime?
False
Let m(q) = q**3 - 49*q**2 - 50*q + 413. Is m(68) prime?
True
Let f be (-12)/((-15)/5) - 4. Suppose 2*q + 8 = f, 4*q - 20994 = -2*v + 3*q. Is v composite?
False
Let n(f) be the second derivative of 11*f**4/6 - 7*f**3/6 - 5*f**2/2 - 381*f. Suppose s + 3 = -0*s. Is n(s) prime?
False
Is (0 - 0)*59/118 - -44159 a composite number?
False
Let d(u) = 13*u + 1. Let z be d(-1). Let w(l) = -l. Let n(v) = -2*v - 25. Let g(b) = n(b) + 3*w(b). Is g(z) prime?
False
Let z = -4 + 50. Suppose 5*d - z + 31 = 0. Suppose 77 = -2*f + d*f. Is f a composite number?
True
Suppose 4*n - 112587 = 97733. Suppose -28*w = -33632 - n. Is w composite?
False
Let j = 33447 - -1534. Suppose -9*z + 180448 = j. Is z a composite number?
True
Suppose -2*w + 24062 = -9670. Suppose 3465 - w = -9*t. Suppose -4*l = -4*b - 1